1000101001001
In base 14, what is 15658 - -3?
1565b
In base 14, what is 8 - 4490?
-4486
In base 16, what is 0 + -57762?
-57762
In base 12, what is -27a02 + 47?
-27977
In base 4, what is 20133 - 13331?
202
In base 6, what is 25 + -15512?
-15443
In base 11, what is -257 - 983?
-112a
In base 7, what is 12004 + -652?
11022
In base 3, what is 1110211 - -10020?
1121001
In base 13, what is -2650c + 3?
-26509
In base 10, what is 11 + 3446?
3457
In base 6, what is 21 - -2233?
2254
In base 12, what is -6 - -23392?
23388
In base 7, what is -35 + -10533?
-10601
In base 11, what is -234320 + -4?
-234324
In base 8, what is 106 - 26732?
-26624
In base 2, what is 1 - 111010100010011?
-111010100010010
In base 15, what is -1bc - 27a?
-447
In base 4, what is -2033 - 233221?
-301320
In base 14, what is -13d - 14b?
-28a
In base 14, what is 2b - -4c2?
50d
In base 3, what is -10 + 1020021201?
1020021121
In base 11, what is 5a4682 + -3?
5a467a
In base 10, what is 209 + 8155?
8364
In base 4, what is -33 - 231212?
-231311
In base 2, what is 101 - -11101000001?
11101000110
In base 8, what is 37 + 45447?
45506
In base 13, what is -73796 - 9?
-737a2
In base 7, what is -4046004 - -4?
-4046000
In base 12, what is -2 + -b0b3?
-b0b5
In base 14, what is 3 - -233d48?
233d4b
In base 11, what is -17 + aaa?
a93
In base 2, what is 10101100 + 11001011101?
11100001001
In base 5, what is 1010 + -101142?
-100132
In base 3, what is -1 + -202102202?
-202102210
In base 9, what is -2 - 815572?
-815574
In base 15, what is 3 + 93d7?
93da
In base 15, what is -4 + -251b?
-2520
In base 13, what is 2 + 427291?
427293
In base 5, what is 0 + -11441301?
-11441301
In base 10, what is 3 - -111533?
111536
In base 11, what is 110408 - -2?
11040a
In base 13, what is -360b - -3?
-3608
In base 5, what is 4300432 - 4?
4300423
In base 6, what is -5 + -50112?
-50121
In base 6, what is 1 + -2122110?
-2122105
In base 14, what is 5 - -12a929?
12a930
In base 4, what is -300 - 2002111?
-2003011
In base 14, what is 1 + -4c2a1?
-4c2a0
In base 15, what is -33bd - -100?
-32bd
In base 5, what is -3 + 4030003?
4030000
In base 8, what is -4 - -5301?
5275
In base 11, what is 2 + 9a250?
9a252
In base 5, what is 140 + -23242?
-23102
In base 7, what is -110302 + -263?
-110565
In base 8, what is 34564635 - -5?
34564642
In base 6, what is -14 + -45143?
-45201
In base 5, what is 1042004 - 22?
1041432
In base 12, what is 4506 - -39?
4543
In base 4, what is -230 - -1110033?
1103203
In base 3, what is 12 - -1100210101111?
1100210101200
In base 14, what is 43 + -6622?
-65bd
In base 6, what is 5 + -45400131?
-45400122
In base 5, what is 12112444 + 13?
12113012
In base 11, what is 41 - 790?
-74a
In base 7, what is -42034 + -52?
-42116
In base 2, what is -101001 - 1101001010111?
-1101010000000
In base 11, what is -3 - 249316?
-249319
In base 8, what is -2 + 2221451?
2221447
In base 15, what is -17e + 2a?
-154
In base 7, what is 21 - 402133?
-402112
In base 8, what is -417524 + -11?
-417535
In base 11, what is -359 - -347?
-12
In base 10, what is -8 + -1927?
-1935
In base 13, what is 1 - -70a?
70b
In base 8, what is 21 + -35573?
-35552
In base 8, what is 110133 + 5?
110140
In base 6, what is 1213 + -42?
1131
In base 6, what is 4 - 33111?
-33103
In base 13, what is -2 + -4615?
-4617
In base 11, what is 3 + -15391?
-15389
In base 12, what is 8013 + -2?
8011
In base 5, what is 10 + -111133?
-111123
In base 6, what is 24002 - -245?
24251
In base 5, what is 10004 + 310?
10314
In base 10, what is -1862 - 1044?
-2906
In base 13, what is -a93b3 + 4?
-a93ac
In base 5, what is 20332 - 102?
20230
In base 2, what is -101101 - -1111011011?
1110101110
In base 6, what is 13114 + 51?
13205
In base 2, what is -11100100001101011 + 10?
-11100100001101001
In base 12, what is -1761 + -36?
-1797
In base 13, what is 0 - -280481?
280481
In base 14, what is -13b12 + 3?
-13b0d
In base 12, what is -32 - -1b?
-13
In base 6, what is -24542 + 125?
-24413
In base 16, what is -34 + 46?
12
In base 6, what is -4444 - -153?
-4251
In base 4, what is 3 + 3113332020?
3113332023
In base 2, what is -101 - -10000100010000010?
10000100001111101
In base 8, what is -11 + -75153?
-75164
In base 4, what is 211110 - -1322?
213032
In base 11, what is 15 - 22282?
-22268
In base 12, what is 328 + -229a?
-1b72
In base 14, what is -cc6 - 164?
-104a
In base 15, what is 79 + -5a7?
-52d
In base 16, what is -12b + f99?
e6e
In base 12, what is -67a54 + 0?
-67a54
In base 5, what is -1 + -4102411?
-4102412
In base 4, what is -1111 + -3223?
-11000
In base 5, what is -2 - -113434303?
113434301
In base 15, what is 1 - -34c42?
34c43
In base 6, what is -10 - 1244500?
-1244510
In base 5, what is -1 + -111433240?
-111433241
In base 11, what is -2 + 82558?
82556
In base 8, what is 277 - -263?
562
In base 6, what is -14552530 + -1?
-14552531
In base 12, what is -2a95 - 25?
-2aba
In base 6, what is 13 + -254551?
-254534
In base 9, what is -11872 - -133?
-11738
In base 15, what is -a6d7 + -8?
-a6e0
In base 8, what is -3500414 + 2?
-3500412
In base 10, what is 1334 + -56?
1278
In base 12, what is -b28 - -218?
-910
In base 6, what is -351 - -1205?
414
In base 4, what is -30013203 - 10?
-30013213
In base 3, what is 102012222102 - -1?
102012222110
In base 14, what is -8cd27 + -7?
-8cd30
In base 2, what is 1 + -11010011111000001?
-11010011111000000
In base 11, what is 448 - -458?
8a5
In base 13, what is 5 - 3ccc31?
-3ccc29
In base 11, what is -17257 - 2?
-17259
In base 4, what is -33 + 231100?
231001
In base 16, what is 3f8c - -19?
3fa5
In base 15, what is -4ce - 12?
-4e1
In base 7, what is 40013 + -3?
40010
In base 3, what is 100 - -20110201?
20111001
In base 6, what is -2123333 + -5?
-2123342
In base 13, what is -5169 + -1b?
-5187
In base 5, what is 20133013 - -10?
20133023
In base 13, what is 20ac + a?
20b9
In base 8, what is -213535 + 4?
-213531
In base 3, what is -11 + 10010122?
10010111
In base 11, what is -2237 - -a16?
-1321
In base 8, what is 671 - -377?
1270
In base 15, what is -56 + 801c?
7eb6
In base 11, what is -2 - 13739?
-13740
In base 8, what is 7 - -15037?
15046
In base 10, what is 32930 - -1?
32931
In base 10, what is 230570 + 14?
230584
In base 7, what is -23 + -136331?
-136354
In base 13, what is -310cb2 + -3?
-310cb5
In base 16, what is -26a + -6?
-270
In base 6, what is 3 + -2313423?
-2313420
In base 13, what is -3 - -1a75?
1a72
In base 12, what is 1083 + -bb?
b84
In base 12, what is -24535 + 1?
-24534
In base 3, what is -2 - -121220012?
121220010
In base 16, what is e1b + b1?
ecc
In base 5, what is -2000 - -221?
-1224
In base 5, what is 4413 + -33?
4330
In base 13, what is 49c + 2b3?
782
In base 15, what is -7e8b8 - 3?
-7e8bb
In base 14, what is 77 + -541?
-4a8
In base 7, what is 22630603 + 5?
22630611
In base 3, what is -1202 + -10212121?
-10221100
In base 12, what is -8b87b2 - 4?
-8b87b6
In base 12, what is -20806 + -13?
-20819
In base 2, what is 101001 - -1000001111?
1000111000
In base 16, what is 4 + -13367a?
-133676
In base 2, what is 1000011001101 + 101?
1000011010010
In base 16, what is 286 + -34?
252
In base 15, what is ba7 - 0?
ba7
In base 12, what is -84a - -33?
-817
In base 16, what is -161 - ad?
-20e
In base 3, what is 11 + -120200210?
-120200122
In base 13, what is 22922 - b?
22914
In base 8, what is -1 - 344100?
-344101
In base 3, what is -100002 + 2011100?
1211021
In base 6, what is 4 - -432033?
432041
In base 9, what is -141 - 126?
-267
In base 14, what is -279 + -2?
-27b
In base 5, what is -23314 - 1231?
-30100
In base 8, what is -2626 + 121?
-2505
In base 10, what is -5 - -347075?
347070
In base 4, what is 233230331 + 1?
233230332
In base 4, what is -31231322 + -111?
-31232033
In base 14, what is -25b + 16?
-245
In base 10, what is -12 + -34557?
-34569
In base 9, what is 122 - -534?
656
In base 10, what is -133261 + 5?
-133256
In base 10, what is 236 - 30190?
-29954
In base 9, what is 408 + 46?
455
In base 5, what is 21214014 + -31?
21213433
In base 6, what is -52103050 - -3?
-52103043
In base 9, what is 4 - 4606?
-4602
In base 7, what is -112645 - -2?
-112643
In base 16, what is -2f - dd2?
-e01
In base 3, what is -2112112 + -1110?
-2120222
In base 9, what is 18 + -125443?
-125424
In base 10, what is 4 + -394070?
-394066
In base 5, what is 214 + 313024?
313243
In 